{"id":42,"date":"2018-06-18T07:23:35","date_gmt":"2018-06-18T07:23:35","guid":{"rendered":"https:\/\/wp.ux.uis.no\/locra\/?page_id=42"},"modified":"2018-07-07T07:55:35","modified_gmt":"2018-07-07T07:55:35","slug":"publications-and-presentations","status":"publish","type":"page","link":"https:\/\/wp.ux.uis.no\/locra\/publications-and-presentations\/","title":{"rendered":"PUBLICATIONS AND PRESENTATIONS"},"content":{"rendered":"<p>Updated as of Jun 21, 2018<\/p>\n<ul>\n<li><a href=\"#peer\">Published Peer-reviewed Papers<\/a><\/li>\n<li><a href=\"#book\">Book Sections<\/a><\/li>\n<li><a href=\"#confpres\">Conference Presentations<\/a><\/li>\n<li><a href=\"#theses\">Theses<\/a><\/li>\n<\/ul>\n<p><img loading=\"lazy\" decoding=\"async\" src=\"https:\/\/wp.ux.uis.no\/locra\/wp-content\/uploads\/sites\/3\/2018\/07\/XLbilde.png\" alt=\"\" width=\"800\" height=\"425\" class=\"alignleft size-full wp-image-369\" \/><br \/>\n&nbsp;<br \/>\n<a name=\"peer\"><\/a> <strong>PEER REVIEWED PAPERS &#8211; INTERNATIONAL JOURNALS<\/strong><\/p>\n<div style=\"padding-left: 4em;text-indent: -4em\">\n<p>Grundv\u00e5g, S., D. Marin, B. Kairanov, K. Sliwinska, H. N\u00f8hr-Hansen, M. E. Jelby, A. Escalona, and S. Olaussen, 2017, The Lower Cretaceous succession of the northwestern Barents Shelf: Onshore and offshore correlations: Marine and Petroleum Geology, v. 86, p. 834-857, doi: 10.1016\/j.marpetgeo.2017.06.036.<\/p>\n<p>Grundv\u00e5g, S., and S. Olaussen, 2017, Sedimentology of the Lower Cretaceous at Kikutodden and Keilhaufjellet, southern Spitsbergen: implications for an onshore\u2013offshore link: Polar Research, v. 36, p. 1302124, doi: 10.1080\/17518369.2017.1302124.<\/p>\n<p>Henstra, G. A., S. A. Grundv\u00e5g, E. P. Johannessen, T. B. Kristensen, I. Midtkandal, J. P. Nystuen, A. Rotevatn, F. Surlyk, T. S\u00e6ther, and J. Windelstad, 2016, Depositional processes and stratigraphic architecture within a coarse-grained rift-margin turbidite system: The Wollaston Forland Group, east Greenland: Marine and Petroleum Geology, v. 76, p. 187-209, doi: 10.1016\/j.marpetgeo.2016.05.018.<\/p>\n<p>Hurum, J., P. Druckenmiller, \u00d8. Hammer, H. A. Nakrem, and S. Olaussen, 2015, The theropod that wasn\u2019t \u2013 an ornithopod tracksite from the Helvetiafjellet Formation (Lower Cretaceous) of Boltodden, Svalbard: Geological Society, London, Special Publications, v. 434, p. 189-206, doi: 10.1144\/SP434.10.<\/p>\n<p>Kairanov, B., A. Escalona, A. Mordasova, K. Sliwinska and A. Suslova, 2018, Lower Cretaceous tectonostratigraphic evolution of the northcentral Barents Sea: Journal of geodynamic, doi: 10.1016\/j.jog.2018.02.009.<\/p>\n<p>Kayukova, A. V., and A. A. Suslova, 2015, A Seismostratigraphic Analysis of the Lower Cretaceous Deposits of the Barents Sea to Reveal Petroleum Perspectives: Moscow University Geology Bulletin, v. 70, p. 104-109.<\/p>\n<p>Koevoets, M., \u00d8. Hammer, S. Olaussen, K. Senger and M. Smelror, 2018, Integrating subsurface and outcrop data of the Middle Jurassic to Lower Cretaceous Agardhfjellet Formation in central Spitsbergen: Norwegian Journal of Geology, v. 98, Nr. 4, Art1, p. 1-34, doi: 10.17850\/njg98-4-01.<\/p>\n<p>Marin, D., A. Escalona, S. Grundv\u00e5g, S. Olaussen, S. Sandvik, and K. Sliwinska, 2017, Unraveling key controls on the rift-climax to post-rift fill of marine rift basins: insights from 3D seismic analysis of the Lower Cretaceous of the Hammerfest Basin, SW Barents Sea: Basin Research, doi: 10.1111\/bre.12266.<\/p>\n<p>Marin, D., A. Escalona, S. Grundv\u00e5g, H. N\u00f8hr-Hansen and B. Kairanov, 2018, Effects of adjacent fault systems on drainage patterns and evolution of uplifted rift shoulders: The Lower Cretaceous in the Loppa High, southwestern Barents Sea: Marine and Petroleum Geology, v. 94, doi: 10.1016\/j.marpetgeo.2018.04.009.<\/p>\n<p>Marin, D., A. Escalona, K. Sliwinska, H. N\u00f8hr-Hansen, and A. Mordasova, 2017, Sequence stratigraphy and lateral variability of Lower Cretaceous clinoforms in the southwestern Barents Sea: AAPG Bulletin, v. 101, p. 1487-1517, doi:10.1306\/10241616010.<\/p>\n<p>Midtkandal, I., H. H. Svensen, S. Planke, F. Corfua, S. Polteau, T. H. Torsvik, J. I. Faleide, S.-A. Grundv\u00e5g, H. Selnes, W. K\u00fcrschner, and S. Olaussen, 2017, The Aptian (Early Cretaceous) oceanic anoxic event (OAE1a) in Svalbard, Barents Sea, and the absolute age of the Barremian-Aptian boundary: Palaeogeography, Palaeoclimatology, Palaeoecology, v. 463, p. 126-135, doi: 10.1016\/j.palaeo.2016.09.023.<\/p>\n<p>Norina, D., A. V. Stupakova, and T. A. Kiryukhina, 2014, Depositional Environments and the Hydrocarbon Generative Potential of Triassic Rocks of the Barents Sea Basin: Moscow University Geology Bulletin, v. 69, p. 1-10.<\/p>\n<p>Stupakova, A. V., A. A. Suslova, N. I. Korobova, and Y. K. Burlin, 2012, Cyclicity and Prospects of the Jurassic Oil and Gas Complex on the Barents Sea Shelf: Moscow University Geology Bulletin, v. 67, p. 353-360.<\/p>\n<p>Suslova, A., 2013, Seismostratigraphic Complex of Jurassic Deposits, Barents Sea Shelf: Moscow University Geology Bulletin, v. 68, p. 207-209.<\/p>\n<p>S\u00e6b\u00f8 Serck, C., J. I. Faleide, A. Braathen, B. Kj\u00f8lhammer, and A. Escalona, 2017, Jurassic to Early Cretaceous basin configuration(s) in the Fingerdjupet Subbasin, SW Barents Sea: Marine and Petroleum Geology, v. 86, p. 874-891, doi: 10.1016\/j.marpetgeo.2017.06.044.<\/p>\n<\/div>\n<p><a href=\"#top\"> Back to top <\/a><\/p>\n<p><a name=\"book\"><\/a> <strong>BOOK SECTIONS<\/strong><\/p>\n<div style=\"padding-left: 4em;text-indent: -4em\">\nGrundv\u00e5g, S., 2015, Historical geology: Cretaceous, in W. K. Dallmann, ed., Geoscience Atlas of Svalbard: Troms\u00f8, Norwegian Polar Institute, p. 118-121.<\/p>\n<\/div>\n<p><a href=\"#top\"> Back to top <\/a><\/p>\n<p><a name=\"confpres\"><\/a><strong>CONFERENCE PRESENTATIONS<\/strong><\/p>\n<div style=\"padding-left: 4em;text-indent: -4em\">\nAcharyya, B., Escalona, A., Bryn, B.K.L. and S.S. Haaland, 2016, Lower Cretaceous Evolution of the Fingerdjupet Sub-basin. I: 78th EAGE Conference &amp; Exhibition 2016 Student Programme. European Association of Geoscientists and Engineers 2016 ISBN 2-7637-6912-8.<\/p>\n<p>Arlebrand, A., C. Augustsson, and A. Escalona, 2017, Depositional setting and diagenesis as keys to reservoir quality: Lower Cretaceous in the southwest Barents Sea: 33rd IAS International Meeting of Sedimentology. Toulouse, France, 10-12 October.<\/p>\n<p>Arlebrand, A., A. Escalona, C. Augustsson, and B. Kairanov, 2017, Characterization of Lower Cretaceous reservoir wedges along the southern &amp; western flanks of the Loppa High, southwestern Barents Sea: EAGE Annual Conference. Paris, France, 12-15 June.<\/p>\n<p>Escalona A., 2018. Early Cretaceous paleogeography of the proto North Atlantic margin of the Barents Sea. Global Analogues for the Atlantic Margin, AAPG European Regional Conference. Lisbon, Portugal.<\/p>\n<p>Escalona, A., 2015, Lower Cretaceous clastic wedges in the Barents Sea- A new exploration play: 77th EAGE Conference. Madrid, Spain, 1-4 June.<\/p>\n<p>Fjeld, T. L., and A. Escalona, 2014, Seismic characterization of Lower Cretaceous clastic wedges in the Troms\u00f8 basin: EAGE. St. Petersburg, Russia, 7-10 April.<\/p>\n<p>Fjeld, T. L., and A. Escalona, 2014, Seismic characterization of Lower Cretaceous clastic wedges in the Troms\u00f8 basin: NGF Arctic Days. Troms\u00f8, Norway, 2-6 June.<\/p>\n<p>Grundv\u00e5g, S., I. Midtkandal, S. Olaussen, J. Hurum, and H. A. Nakrem, 2012, A review of Lower Cretaceous clastic wedges in Svalbard: a key to the prognosis of prolific sandstone units in the Barents Sea?, Norwegian Geological Society Winter Conference, Norwegian Geological Society.<\/p>\n<p>Grundv\u00e5g, S., and S. Olaussen, 2013, The onshore-offshore link of Lower Cretaceous clastic wedges in the Barents Sea and Svalbard: a tool for risk mitigation of plays: AAPG 3P Arctic Conference. Stavanger, Norway, 25-28 October.<\/p>\n<p>Grundv\u00e5g, S., S. Olaussen, M. E. Jelby, S. Elvelund, and T. Aadland, 2014, An integrated approach for improving the understanding of Lower Cretaceous clastic wedges in the Barents Sea: new observations from outcrop and subsurface studies in Svalbard: NGF Arctic Days. Troms\u00f8, Norway, 2-6 June.<\/p>\n<p>Grundv\u00e5g, S., S. Olaussen, M. E. Jelby, D. Marin, A. Escalona, K. Sliwinska, and H. N\u00f8hr-Hansen, 2015, The architecture of Lower Cretaceous clastic wedges in Svalbard and the northern Barents Sea: the influence of sea-level change in a low-angle ramp setting: 31st IAS International Meeting of Sedimentology. Krakow, Poland, 22-25 June.<\/p>\n<p>Grundv\u00e5g, S., S. Olaussen, I. Midtkandal, and K. Sliwinska, 2015, The architecture of a regressive wedge in an overall transgressive shelf sequence: the Sch\u00f6nrockjellet member of the Carolinefjellet Formation, southeastern Spitsbergen: NGF Winter Conference. Stavanger, Norway, 12-14 January.<\/p>\n<p>Henstra, G., S.-A. Grundv\u00e5g, E. P. Johannessen, J. Korstg\u00e5rd, T. Kristensen, I. Midtkandal, J. P. Nystuen, R. Ravn\u00e5s, A. Rotevatn, F. Surlyk, T. S\u00e6ther, and J. Windelstad, 2015, Reservoir architecture of deep marine rift climax deposits: an outcrop study from East Greenland: AAPG Annual Conference. Denver, CO, USA, 31 May &#8211; 3 June.<\/p>\n<p>Hinna, C., Escalona, A., Bryn, B.K.L. and S. S., 2016, Seismic Characterization of Lower Cretaceous Clinoform Packages in the Fingerdjupet Subbasin, Southwestern Barents Sea. I: 78th EAGE Conference &amp; Exhibition 2016 Student Programme. European Association of Geoscientists and Engineers 2016 ISBN 2-7637-6912-8.<\/p>\n<p>Hurum, J., P. Druckenmiller, \u00d8. Hammer, H. A. Nakrem, and S. Olaussen, 2015, New dinosaur tracks at Kvalv\u00e5gen, Svalbard, Geological Society of Norway Winter Conference, Stavanger, Norway, Geological Society of Norway, p. 44-45.<\/p>\n<p>Iqbal, J., Escalona, A., 2016, Characterization of Lower Cretaceous Clastic Wedges in the Southwestern Barents Sea Using Seismic Attributes. I: 78th EAGE Conference &amp; Exhibition 2016 Student Programme. European Association of Geoscientists and Engineers.<\/p>\n<p>Iqbal, J., A. Escalona, and B. Kairanov, 2016, Reservoir characterization of Lower Cretaceous clastic wedges in the southwestern Barents Sea using seismic attributes and rock physics diagnostics: NPF Arctic Exploration. Troms\u00f8, 31 May to 2 June.<\/p>\n<p>Jelby, M. E., S. Grundv\u00e5g, W. Helland-Hansen, S. Olaussen, and L. Stemmerik, 2017, Basin-scale facies model of spectacular storm deposits in the High Arctic: Geological Society of Denmark Annual Meeting. Copenhagen, Denmark, 11 March.<\/p>\n<p>Jelby, M. E., S. Grundv\u00e5g, and S. Olaussen, 2017, Tempests beyond the teacup: new insights to the storm-dominated Rurikfjellet Formation (Lower Cretaceous, Svalbard): NGF Winter Conference. Oslo, Norway, 9-11 January.<\/p>\n<p>Jelby, M. E., S.-A. Grundv\u00e5g, S. Olaussen, and L. Stemmerik, 2015, Storm deposits in the High Arctic (Lower Cretaceous Rurikfjellet Formation, central Spitsbergen): sequence stratigraphic and hydrodynamic significance: 3P Arctic. Stavanger, Norway, 11-14 April.<\/p>\n<p>Jelby, M. E., S. Olaussen, L. Stemmerik, and S. Grundv\u00e5g, 2014, Sedimentology and sequence stratigraphy of the Lower Cretaceous Rurikfjellet Formation, Svalbard: preliminary results: Geological Society of Denmark Annual Meeting. Copenhagen, Denmark, 29 March.<\/p>\n<p>Kairanov, B., A. Escalona, and P. Abrahamson, 2016, Lower Cretaceous evolution of the Troms\u00f8 basin: NPF Arctic Exploration. Troms\u00f8, Norway, 31 May to 2 June.<\/p>\n<p>Kairanov, B., A. Escalona, A. Kayukova, and D. Marin, 2015, Overview and timing of main structural elements in the North Central Barents Sea and impact on the Lower Cretaceous deposition: 3P Arctic. Stavanger, Norway, 11-14 April.<\/p>\n<p>Kairanov, B., A. Escalona, A. Kayukova, and D. Marin, 2016, Overview and timing of main structural elements in the North Central Barents Sea and impact on the Lower Cretaceous deposition: EAGE. Saint Petersburg, Russia, 11-14 April.<\/p>\n<p>Kairanov, B., A. Escalona, I. Norton, L. Lawver, and P. Abrahamson, 2017, The Early Cretaceous structural evolution of the Troms\u00f8 Basin, SW Barents Sea: EAGE Annual Conference. Paris, France, 12-15 June.<\/p>\n<p>Kairanov, B., A. Escalona, I. Norton, P. Nadeau, and L. Lawver, 2016, Early Cretaceous-Cenozoic relation between the Troms\u00f8 Basin and NE Greenland; implications for margin evolution: NPF Onshore-Offshore relationships on the North Atlantic Margins. Trondheim, Norway, 18-19 October.<\/p>\n<p>Kairanov, B., D. Marin, and A. Escalona, 2015, Structural controls in progradation direction of Lower Cretaceous clinoforms in the Barents Sea: 3P Arctic. Stavanger, Norway, 11-14 April.<\/p>\n<p>Kiryukhina, T. A., A. Stoupakova, G. Ulyanov, N. Kiryukhina, D. Norina, and A. Suslova, 2011, Petroleum Systems of the Russian Western Arctic Basins: Arctic Technology Conference. Houston, TX, USA, 7-9 February 2011.<\/p>\n<p>Kristensen, T. B., A. Rotevatn, G. A. Henstra, I. Midtkandal, and S.-A. Grundv\u00e5g, 2015, Geometry and Architecture of Syn-Rift Border Faults: Implications for the Definition and Integrity of Structural Traps: AAPG Annual Conference. Denver, CO, USA.<\/p>\n<p>Lawver, L., L. Gahagan, and I. Norton, 2013, Impact of a fixed Siberian Traps mantle plume on the tectonics of the Arctic, AAPG 3P Arctic Conference, Stavanger, Norway, AAPG.<\/p>\n<p>Lazarevic, S. J., A. Escalona, and D. Marin, 2017, Lower Cretaceous clastic wedges in the Swaen Graben, the Barents Sea, Norway: EAGE Annual Conference. Paris, France, 12-15 June.<\/p>\n<p>Li, Z., and A. Escalona, 2014, Mesozoic and Cenozoic Evolution of the Harstad Basin from 2D Seismic Data, NGF Arctic Days, Troms\u00f8, Norway.<\/p>\n<p>Marin, D. Escalona, A. Grundv\u00e5g, S.A. Olaussen, S., Sliwinska K.K. N\u00f8hr-Hansen, H. Sandvik, S. and Kairanov, B., 2018. Controls in Lower Cretaceous wedges deposition in the SW Barents Sea. Global Analogues for the Atlantic Margin, AAPG European Regional Conference. Lisbon, Portugal.<\/p>\n<p>Marin, D., and A. Escalona, 2014, Architecture and Distribution Analysis of the Lower Cretaceous clinoforms in the Western Barents Sea, EAGE, St. Petersburg, Russia.<\/p>\n<p>Marin, D., and A. Escalona, 2015, Architecture of Lower Cretaceous clastic wedges in the SW Barents Sea and hydrocarbon potential, 3P Arctic, Stavanger, Norway, AAPG.<\/p>\n<p>Marin, D., and A. Escalona, 2015, Characterization of Lower Cretaceous seismic clinoforms in the SW Barents for sandstone prediction, NGF Winter Conference, Stavanger, Norway, NGF.<\/p>\n<p>Marin, D., Escalona, A., 2016, Early Cretaceous Basin Margin Development in the SW Barents Sea, Norway: 78th EAGE Conference &amp; Exhibition 2016 Student Programme. European Association of Geoscientists and Engineers.<\/p>\n<p>Marin, D., A. Escalona, A. Kayukova, A. Stoupakova, and A. Suslova, 2014, Characterization of Lower Cretaceous seismic clinoforms in the SW Barents Sea: Implication to sand prone bodies prediction, NGF Arctic Days, Troms\u00f8, Norway.<\/p>\n<p>Matthews, N., U. Zimmermann, E. Mostafa, C. Ruud, L. St\u00f8le, T. J. Lapen, and R. Andreasen, 2015, Provenance data from Mesozoic rock successions in the Hammerfest basin, NGF Winter Conference, Stavanger, Norway, NGF.<\/p>\n<p>Mathews, N., Zimmermann, U., Marin, D., Escalona, A., Sliwinska, K., St\u00f8le, L., Ruud, C. and Lapen T., 2016, Zircon geochronology of Lower Cretaceous sediments in the SW Barents Sea: Insights into sediment provenance. NGF Arctic Days, Troms\u00f8, Norway.<\/p>\n<p>Mathews, N., Zimmermann, U., Marin, D., Escalona, A., Sliwinska, K., St\u00f8le, L., Ruud, C. and Lapen T., 2016, Zircon geochronology of Lower Cretaceous sediments in the SW Barents Sea: Insights into sediment provenance. NGF Arctic Days, Troms\u00f8, Norway.<\/p>\n<p>Mordasova, A., A. Stoupakova, A. Escalona, A. Suslova, D. Marin, and I. Kurasov, 2015, Cretaceous of the Barents-Kara Sea region: cyclicity, paleogeography, petroleum prospects: 3P Arctic. Stavanger, Norway, 11-14 April.<\/p>\n<p>Mordasova, A., A. Stoupakova, and A. Suslova, 2016, Seismic-stratigraphic complexes and hydrocarbon potential of the Lower Cretaceous in the Barents Sea: EAGE. Saint Petersburg, Russia, 11-14 April.<\/p>\n<p>Mostafa, E., C. Ruud, L. St\u00f8le, N. Matthews, U. Zimmermann, S. And\u00f2, and L. Borromeo, 2015, High resolution heavy mineral studies of Mesozoic rocks of the Hammerfest basin: NGF Winter Conference. Stavanger, Norway, 12-14 January.<\/p>\n<p>Reppen, I., M. Nordberg, and A. Escalona, 2014, Understanding geological processes for the non-presence of Lower Cretaceous strata in the northwestern Barents Sea, NGF Arctic Days, Troms\u00f8, Norway.<\/p>\n<p>Rodriguez Gomez, I., K. A. Lehne, and A. Escalona, 2015, Petrophysical characterization of Lower Cretaceous clastic wedges in the south-western Barents Sea, 3P Arctic, Stavanger, Norway, AAPG.<\/p>\n<p>Sliwinska, K. K., D. Marin, M. E. Jelby, S.-A. Grundv\u00e5g, H. N\u00f8hr-Hansen, A. Escalona, and S. Olaussen, 2016, Refining the age control of the Lower Cretaceous strata of Spitsbergen and the Barents Sea: NPF Arctic Exploration. Troms\u00f8, 31 May to 2 June.<\/p>\n<p>Sliwinska, K. K., H. N\u00f8hr-Hansen, S.-A. Grundv\u00e5g, M. E. Jelby, D. Marin, A. Escalona, and S. Olaussen, 2016, Dinocyst biostratigraphy of the Lower Cretaceous succession of Spitsbergen and the SW Barents Shelf: NPF Onshore-Offshore relationships on the North Atlantic Margins. Trondheim, Norway, 18-19 October.<\/p>\n<p>Sliwinska, K. K., H. N\u00f8hr-Hansen, M. E. Jelby, S.-A. Grundv\u00e5g, and S. Olaussen, 2016, Dinocyst biostratigraphy of the Lower Cretaceous succession of central and southeastern Spitsbergen: EGU General Assembly. Vienna, Austria, 17 -22 April.<\/p>\n<p>Stoupakova, A., 2013, Russian Western Arctic Basins and their Hydrocarbon Prospectivity, AAPG 3P Arctic Conference, Stavanger, Norway, AAPG.<\/p>\n<p>Suslova, A., 2013, Sequence stratigraphy of Jurassic oil and gas reservoirs in the Barents Sea, AAPG 3P Arctic Conference, Stavanger, Norway, AAPG.<\/p>\n<p>Usken, B. Escalona, A. and Marin, D., 2018. Late Jurassic\u2013Early Cretaceous Tectonostratigraphic Evolution of the Nysleppen Fault Complex, Southwestern Barents Sea: 80th EAGE Conference &amp; Exhibition 2018 Student Programme. Copenhagen, Denmark.<\/p>\n<p>Van Yperen, A., I. Midtkandal, and J. Holbrook, 2017, Facies architecture and stratigraphic development of a thin, low-gradient delta along a sandy coast \u2013 the Cretaceous Mesa Rica Sandstone in New Mexico (USA): 33rd IAS International Meeting of Sedimentology. Toulouse, France, 10-12 October.<\/p>\n<p>\u00d8steb\u00f8, H., Escalona, A. and N. Cardozo, 2016, 2D Flexural Modelling of the Barents Sea. I: 78th EAGE Conference &amp; Exhibition 2016 Student Programme. European Association of Geoscientists and Engineers 2016 ISBN 2-7637-6912-8.\n<\/p><\/div>\n<p><a href=\"#top\"> Back to top <\/a><\/p>\n<p><a name=\"theses\"><\/a><strong>THESES<\/strong><\/p>\n<div style=\"padding-left: 4em;text-indent: -4em\">\n<p>Aadland, T., 2014, A sedimentological, stratigraphical and petrographical analysis of the Dalkjegla Member, Carolinefjellet Formation, Spitsbergen, Svalbard: MSc thesis, University of Bergen and University Centre in Svalbard, Bergen and Svalbard, Norway, 167 p.<\/p>\n<p>Acharyya, B., 2016, Lower Cretaceous structural evolution of the Fingerdjupet Sub-basin, SW Barents Sea, Norway: MSc thesis, University of Stavanger, Stavanger, Norway, 73 p.<\/p>\n<p>Arlebrand, A., 2017, Depositional setting and diagenesis as keys to reservoir quality: Lower Cretaceous in the southwestern Barents Sea: MSc thesis, University of Stavanger, Stavanger, Norway, 120 p.<\/p>\n<p>Fjeld, T. L., 2014, Seismic Characterization of Lower Cretaceous clastic wedges in the Troms\u00f8 Basin: MSc thesis, University of Stavanger, Stavanger, 71 p.<\/p>\n<p>Hinna, C., 2016, Seismic Characterization of Lower Cretaceous Clinoform Packages in the Fingerdupet Sub-basin, Southwestern Barents Sea: MSc thesis, University of Stavanger, Stavanger, Norway, 101 p.<\/p>\n<p>Iqbal, J., 2016, Reservoir characterization of the Lower Cretaceous clastic wedges in the southwestern Barents Sea using seismic analysis and rock physics diagnostic: MSc thesis, University of Stavanger, Stavanger, Norway, 106 p.<\/p>\n<p>Jelby, M. E., 2015, Sedimentology and sequence stratigraphy of the Lower Cretaceous Rurikfjellet Formation, central Spitsbergen: MSc thesis, University of Copenhagen, Copenhagen, Denmark, 87 p.<\/p>\n<p>Koevoets, M. J., 2018, The Palaeontology, Stratigraphy and Palaeo-environment of the Agardhfjellet Formation (Middle Jurassic \u2013 Lowermost Cretaceous) of Spitsbergen, Svalbard: PhD thesis, University of Oslo, Oslo, Norway, 250 p.<\/p>\n<p>Lazarevic, S. J., 2017, Lower Cretaceous clastic wedges in the Swaen Graben, the Barents Sea, Norway: BSc thesis, University of Stavanger, Stavanger, Norway, 69 p.<\/p>\n<p>Li, Z., 2014, Mesozoic and Cenozoic Evolution of the Harstad Basin from 2D Seismic Data: MSc thesis, University of Stavanger, Stavanger, 68 p.<\/p>\n<p>Marin, D., 2017, Tectonostratigraphic evolution of the southwestern Barents Sea during the Early Cretaceous: PhD thesis, University of Stavanger, Stavanger, Norway, 250 p.<\/p>\n<p>Reppen, I., and M. Nordberg, 2014, Understanding Geological Processes for the Non-Presence of Lower Cretaceous Strata in the Southwestern Barents Sea: BSc thesis, University of Stavanger, Stavanger, 81 p.<\/p>\n<p>Rodriguez Gomez, I., 2015, Petrophysical characterization of the Lower Cretaceous clastic wedges in the southwestern Barents Sea: MSc thesis, University of Stavanger, Stavanger, Norway, 117 p.<\/p>\n<p>Sandvik, S., 2014, Description and Comparison of Lower Cretaceous deposits from Svalbard and the southern Loppa High: MSc thesis, University of Bergen and University Centre in Svalbard, Bergen and Svalbard, Norway, 135 p.<\/p>\n<p>Usken, B., 2018, Upper Jurassic-Lower Cretaceous Seismic Interpretation in the Nysleppen Falut Complex, SW Barents Sea: BSc thesis, University of Stavanger, Stavanger, Norway, 58p.  <\/p>\n<p>\u00d8steb\u00f8, H., 2016, 2D Flexural Deformation of the Barents Sea: MSc thesis, University of Stavanger, Stavanger, Norway, 92 p.<\/p>\n<\/div>\n<p><a href=\"#top\"> Back to top <\/a><\/p>\n","protected":false},"excerpt":{"rendered":"<p>Updated as of Jun 21, 2018 Published Peer-reviewed Papers Book Sections Conference Presentations Theses &nbsp; PEER REVIEWED PAPERS &#8211; INTERNATIONAL JOURNALS Grundv\u00e5g, S., D. Marin, B. Kairanov, K. Sliwinska, H. N\u00f8hr-Hansen, M. E. Jelby, A. Escalona, and S. Olaussen, 2017, The Lower Cretaceous succession of the northwestern Barents Shelf: Onshore and offshore correlations: Marine and [&hellip;]<\/p>\n","protected":false},"author":5,"featured_media":0,"parent":0,"menu_order":0,"comment_status":"closed","ping_status":"closed","template":"","meta":{"footnotes":""},"class_list":["post-42","page","type-page","status-publish","hentry"],"_links":{"self":[{"href":"https:\/\/wp.ux.uis.no\/locra\/wp-json\/wp\/v2\/pages\/42","targetHints":{"allow":["GET"]}}],"collection":[{"href":"https:\/\/wp.ux.uis.no\/locra\/wp-json\/wp\/v2\/pages"}],"about":[{"href":"https:\/\/wp.ux.uis.no\/locra\/wp-json\/wp\/v2\/types\/page"}],"author":[{"embeddable":true,"href":"https:\/\/wp.ux.uis.no\/locra\/wp-json\/wp\/v2\/users\/5"}],"replies":[{"embeddable":true,"href":"https:\/\/wp.ux.uis.no\/locra\/wp-json\/wp\/v2\/comments?post=42"}],"version-history":[{"count":52,"href":"https:\/\/wp.ux.uis.no\/locra\/wp-json\/wp\/v2\/pages\/42\/revisions"}],"predecessor-version":[{"id":388,"href":"https:\/\/wp.ux.uis.no\/locra\/wp-json\/wp\/v2\/pages\/42\/revisions\/388"}],"wp:attachment":[{"href":"https:\/\/wp.ux.uis.no\/locra\/wp-json\/wp\/v2\/media?parent=42"}],"curies":[{"name":"wp","href":"https:\/\/api.w.org\/{rel}","templated":true}]}}